 the prime factors of a(-5)?
11689
Let k(d) = -1982*d - 94. What are the prime factors of k(-10)?
2, 7, 1409
Let u be (7 + -1)/(3/2). Suppose -2*d + 46 = -2*v, 3*d + 38 = -u*v - 26. Let m(w) = w**3 + 19*w**2 - 5*w - 10. What are the prime factors of m(v)?
5, 17
Let w = 33 - 36. Let d be (1/w)/(6/(-1026)). Suppose -d - 151 = -4*l. List the prime factors of l.
2, 13
Let p be 72/10 - (-1)/(-5). Let t(g) = -g**3 + 8*g**2 - g - 9. Let z be t(p). Suppose 0 = -2*x, -82 = -5*d + x + z. List the prime factors of d.
23
What are the prime factors of ((-38)/(-133))/((-20)/(-7)) - (-95499)/10?
2, 5, 191
List the prime factors of (-80)/(-56) + (-25385922)/(-518).
49009
Let q be ((-13)/3 - -5)/(2/6). Suppose 4*z - 1386 = -u + 703, q*z - u - 1043 = 0. Suppose 11*n = 17*n - z. What are the prime factors of n?
3, 29
Let m be ((-22)/33)/((-4403)/(-1467) + -3). Let y = 1145 + m. What are the prime factors of y?
2, 41
Let v = -71 + -103. Let p = v + 54. Let w = p - -164. List the prime factors of w.
2, 11
Suppose 459 = -29*w + 30938. What are the prime factors of w?
1051
What are the prime factors of (-97464)/(-36) - 21/9?
5, 541
Suppose 7*k - 131876 - 90535 = 0. What are the prime factors of k?
3, 7, 17, 89
Suppose -10*g - 1238 = -16138. Let q = g - 221. List the prime factors of q.
3, 47
Let s(d) = d**3 - 2*d**2 - 15*d + 8157. List the prime factors of s(0).
3, 2719
Suppose 0 = v + 96 - 93. List the prime factors of 712 + (1 - (v + 0)).
2, 179
Let o = 38591 - 23103. What are the prime factors of o?
2, 11
Suppose -6*f = 8*f - 13160. List the prime factors of (f/60)/(3/27).
3, 47
Suppose 12*t - 34*t - 5033600 = 0. List the prime factors of t/(-385) - (-4)/(-14).
2, 3, 11
Suppose -3*f = -12*c + 13*c + 127, 3*c + 401 = -5*f. What are the prime factors of 1120 + c + (-4)/1 + 0?
2, 487
Suppose 2*b - 240494 = 14*b - 730298. What are the prime factors of b?
7, 17
Suppose -5*l - 70 = 5*u, 5*l - 4 = -14. What are the prime factors of (-846)/u*4/(0 + 1)?
2, 3, 47
Let z be 1 - ((-21200)/8 + -9). Let x = 3824 - z. What are the prime factors of x?
2, 3, 97
Suppose h = -355*z + 359*z + 14000, 5*h - 70168 = -z. What are the prime factors of h?
2, 877
Let o(q) = -q**3 + q**2 - 14*q + 4. Let z be o(-6). Suppose -27*g + 25*g + z = 0. Let r = g + -61. What are the prime factors of r?
109
Let j(q) be the second derivative of q**7/1260 + q**6/720 - 5*q**4/12 - 21*q. Let f(r) be the third derivative of j(r). List the prime factors of f(-3).
3, 5
Suppose -4*q + 3 + 1 = 0, -a = -q - 1. Let o(j) = 145*j**3 - 20 + 105*j**3 + j**a + 18 + j - 47*j**3. List the prime factors of o(1).
7, 29
Let g = 3011 + -2109. Suppose 493 = 5*y - g. What are the prime factors of y?
3, 31
List the prime factors of (-4)/((71524/(-17020) - -4) + 4/20).
2, 23, 37
Let y(q) = 466*q**2 - 5*q + 10. Let n be y(3). Suppose 0 = 5*x - n + 1379. Let k = x + -314. What are the prime factors of k?
2, 31
Let p be ((-264)/(-55))/(-12) - 44/(-10). Suppose 0 = 3*d + 9, 5*i + p*d = 3*d + 2917. What are the prime factors of i?
2, 73
Let s(k) = 13*k**2 - 42*k + 94. List the prime factors of s(15).
2389
Suppose -3*p - 7 = -5*x - 2, -x = 4*p - 24. Suppose -n + 3*n - 740 = x*w, w = n - 373. List the prime factors of n.
2, 47
Suppose -325 + 355 = 6*g. Suppose -38*o + 36*o + 1685 = g*a, 1348 = 4*a - 3*o. List the prime factors of a.
337
Let h = 1769 + -599. Suppose 5*p - 2*d = 1160, 14*d + h = 5*p + 10*d. List the prime factors of p.
2, 5, 23
Let d = 1010 + -698. Let v be (-15)/(-25)*500/4. Suppose 3*z + 4*x = -z + d, -2*x - v = -z. List the prime factors of z.
7, 11
Suppose -24 = 4*x + 2*l - 350, -x = l - 83. Suppose 8792 = x*p - 66*p. List the prime factors of p.
2, 157
Let v be 0/2 - 67425/(-87). Let h = -758 + v. What are the prime factors of h?
17
Let b(z) be the third derivative of 0*z - 1/12*z**4 + 26/3*z**3 + 15*z**2 + 1/120*z**6 + 1/30*z**5 + 0. List the prime factors of b(0).
2, 13
Suppose 389206 = -32*h + 414242 + 767892. What are the prime factors of h?
71, 349
Let c be 1*(-16)/(-9) - 10/(-45). Suppose -w - 5*l + 59 + 277 = 0, -c*w + l = -705. Suppose 4*j - w - 37 = 0. List the prime factors of j.
97
Let x be 40/10*8/2. Let p(j) = -j**2 + 3*j**2 + j + 2*j - x. List the prime factors of p(-8).
2, 11
Suppose -32 = -11*c + 3*c. Suppose -5*y + c = 2*l - 6*y, 3*l + 3*y = 24. Suppose 5*z - 209 = -i, 0 = -l*i - 2*z - z + 751. List the prime factors of i.
2, 23
Let q(h) = 2*h - 1. Let i be q(-4). Let o(t) = -14*t + 39. Let f be o(i). Suppose f = 2*p - 181. What are the prime factors of p?
173
Suppose -17*i - 13*i + 304980 = 0. List the prime factors of i.
2, 13, 17, 23
Let h(k) = 84*k + 72. Let m(a) = 2*a + 5. Let z(l) = h(l) - 4*m(l). List the prime factors of z(13).
2, 5, 13
Suppose -7*b + 8 = -5*b. Let m be 341/1*(-4)/b. Let k = m - -548. What are the prime factors of k?
3, 23
Suppose 0 = 2*b - 124 + 70. Suppose -7 = -4*k - b, -4*w - 3*k = -317. Suppose w = r - 105. What are the prime factors of r?
2, 47
Let u(t) = -355*t + 226. Let y be u(-3). Let n = -521 + y. What are the prime factors of n?
2, 5, 7, 11
Let a(v) = v**3 - 5*v**2 - 32. Let b(o) = -o**3 + 4*o**2 + o + 30. Let x(s) = 6*a(s) + 7*b(s). List the prime factors of x(-4).
2, 11
Let d be -2*4/(-56) - 3/21. Suppose d*q - q + 57 = 0. List the prime factors of q.
3, 19
Let r = 1545 - 1509. What are the prime factors of r?
2, 3
Let i(h) = 2*h**3 + 4*h**2 - 2*h + 3. Let r be i(-5). Let g = r - -144. Suppose 45 = g*z - 130. List the prime factors of z.
5
Let w be 9 + -1 + -1 + 1. Suppose 0 = 4*u + w*u - 5976. List the prime factors of u.
2, 3, 83
Let o(i) = -i**2 + 67*i - 4. Let b(j) = 3. Let w(n) = -3*b(n) - o(n). What are the prime factors of w(-6)?
433
Suppose -23*l + 257220 = -58179. Suppose -49*p + l + 51506 = 0. List the prime factors of p.
11
Let v = 48193 - 37277. What are the prime factors of v?
2, 2729
List the prime factors of -2*((-3)/(-18)*(-9 - 0) + -6190).
7, 29, 61
Let u(w) = -99*w + 7. Let f be u(-2). Let g = 92 + f. List the prime factors of g.
3, 11
Let t be ((-40)/16 + (-1 - -1))*-2. Suppose -t*w = 5*w - 2830. Let i = w - 100. List the prime factors of i.
3, 61
Let m(b) = b**2 + 6*b + 5. Let s be m(-2). Let r be (s/5*-5)/(1/24). List the prime factors of 3 - (100/6)/((-12)/r).
103
Suppose -11*a = -22*a - 10*a. Suppose 6*f - 11*f + 230 = a. Let j = f + 15. What are the prime factors of j?
61
Let g = -4502 - -10234. List the prime factors of g.
2, 1433
Suppose 7056 = -2*g + 6*g. Let p(n) = 3*n**2 - n + 1. Let u be p(2). Suppose -x + g = u*x. What are the prime factors of x?
3, 7
Suppose -5*i - 505 = 3*n + 350, 4*i - 2*n + 662 = 0. Let z(w) = 5*w**3 + 9*w**2 + 23*w + 10. Let m be z(-4). Let v = i - m. List the prime factors of v.
2, 3, 5
Suppose 5*l + 6180 = 2*z, -5*z + 15392 = 18*l - 16*l. List the prime factors of z.
2, 5, 7, 11
Let c = -46 - -71. Let t = 34 - c. Suppose -3*a = -t*a + 1182. What are the prime factors of a?
197
Let n = 90 + 16. Suppose -194 = 6*j + n. Let o = -26 - j. List the prime factors of o.
2, 3
Let m(u) = 120*u + 90. Let x be m(6). Let c = -150 + x. What are the prime factors of c?
2, 3, 5, 11
Let z = -61 + 55. Let s = z + 9. Suppose 2*v = -2*n + 72, -5*n - s*v = -8*v - 140. What are the prime factors of n?
2
Let s(n) = -1138*n + 643. List the prime factors of s(-3).
4057
Let i = 128 + 241. Let l be i/15 - 10/(-25). Suppose -l = -5*b + 5*p, 5 = 5*b + 3*p + 4. List the prime factors of b.
2
Let z = 19857 - 13224. List the prime factors of z.
3, 11, 67
Let i(t) = -53*t**3 + 6*t**2 + 13*t - 10. Let g be i(-3). Suppose g = v - 32. List the prime factors of v.
2, 367
Suppose 5*q = -5*q + 2120. Suppose 11*d = q + 2494. What are the prime factors of d?
2, 3, 41
Let x be 18/(-5 + 3)*4/(-6). Let r(m) = -m**2 + 7*m - 2. Let k be r(x). Suppose k*z - 16 = v, -1 - 3 = -z + v. What are the prime factors of z?
2
Let k = -7 - -16. Let d(i) = -3*i**2 + 14*i - 18. Let z(j) = -7*j**2 + 28*j - 36. Let q(t) = 5*d(t) - 2*z(t). What are the prime factors of q(k)?
3
What are the prime factors of ((-47)/(423/(-450)))/((-4)/(-358))?
5, 179
Suppose -190*c = -2048219 - 284224 + 82083. List the prime factors of c.
2, 3, 7, 47
Let w(u) = 2*u**3 + u. Let p(q) = -9*q**3 + 15*q**2 - 10*q + 151. Let y(f) = p(f) + 4*w(f). What are the prime factors of y(13)?
3, 